True
Is 1070681 a prime number?
True
Is 26146658 prime?
False
Is 102103667 a prime number?
True
Is 29117833 composite?
False
Is 763129 prime?
False
Is 56369081 a prime number?
True
Is 39139837 prime?
False
Is 93209 prime?
False
Is 392555 a prime number?
False
Is 53106829 a composite number?
False
Is 11884727 a composite number?
True
Is 1455577 composite?
True
Is 60165629 a composite number?
False
Is 1206797 a composite number?
True
Is 905999 a composite number?
False
Is 12038477 prime?
False
Is 28082413 a prime number?
True
Is 35998219 a composite number?
True
Is 103785401 prime?
True
Is 6312242 a composite number?
True
Is 5197141 a composite number?
True
Is 5779867 a composite number?
False
Is 1178263 a prime number?
True
Is 4369349 composite?
False
Is 52928489 a prime number?
True
Is 5428141 a composite number?
False
Is 184581149 prime?
True
Is 7495239 prime?
False
Is 190823513 a composite number?
False
Is 20102807 composite?
False
Is 1445863 composite?
False
Is 26163521 a composite number?
True
Is 117390331 composite?
False
Is 1016903 prime?
False
Is 5826389 prime?
True
Is 260527 composite?
False
Is 247023773 prime?
False
Is 2057287 a prime number?
False
Is 1489339 prime?
False
Is 96902189 a composite number?
False
Is 27831281 a prime number?
True
Is 26060959 a prime number?
True
Is 120343331 a prime number?
False
Is 621847679 a prime number?
False
Is 6311399 prime?
False
Is 1073803 a prime number?
True
Is 19031197 a prime number?
True
Is 22848079 a prime number?
True
Is 1580729 composite?
True
Is 107375539 a prime number?
True
Is 282969031 a composite number?
False
Is 1445129 a prime number?
False
Is 147664654 prime?
False
Is 5628815 prime?
False
Is 1001415457 a composite number?
True
Is 12601643 a prime number?
False
Is 5092051 a composite number?
True
Is 970273435 a prime number?
False
Is 732078137 a composite number?
True
Is 14788679 a prime number?
True
Is 8872849 a prime number?
True
Is 10461923 composite?
False
Is 4137911 a composite number?
True
Is 3544751 prime?
False
Is 353917 a prime number?
True
Is 33595649 a prime number?
True
Is 37378423 a prime number?
True
Is 8858191 a prime number?
False
Is 5105231 composite?
False
Is 7462127 prime?
True
Is 20018261 composite?
True
Is 21874751 prime?
True
Is 83568659 composite?
False
Is 44707007 a prime number?
False
Is 167452401 a composite number?
True
Is 31311871 composite?
False
Is 7506959 a prime number?
True
Is 97320341 prime?
True
Is 20754047 a prime number?
True
Is 1160365 a composite number?
True
Is 2016439 composite?
False
Is 10088629 a composite number?
True
Is 225977 a prime number?
True
Is 9794485 composite?
True
Is 4623223 composite?
True
Is 49923943 composite?
False
Is 852557 prime?
True
Is 391647083 composite?
False
Is 194228131 composite?
False
Is 14899229 a composite number?
False
Is 7177397 prime?
True
Is 4874447 a prime number?
True
Is 1787647 a prime number?
False
Is 4475551 composite?
False
Is 60094747 composite?
True
Is 169741037 a prime number?
True
Is 150182863 a prime number?
False
Is 7448387 prime?
True
Is 1351961 prime?
False
Is 21169537 composite?
False
Is 35496001 prime?
True
Is 35771977 composite?
False
Is 138490733 a composite number?
True
Is 1275269 composite?
False
Is 6959473 a prime number?
False
Is 53825323 prime?
False
Is 13462427 composite?
True
Is 760349 composite?
True
Is 22389739 a composite number?
True
Is 126161363 a composite number?
True
Is 1112029 prime?
False
Is 30381289 prime?
False
Is 262314511 a composite number?
False
Is 122546021 prime?
False
Is 656573 a prime number?
False
Is 1919839 a composite number?
False
Is 7914913 prime?
False
Is 696253 a composite number?
False
Is 25961393 a composite number?
False
Is 8436003 composite?
True
Is 57474881 prime?
False
Is 7339517 prime?
False
Is 18009542 a prime number?
False
Is 11102311 prime?
False
Is 13896781 a prime number?
True
Is 28546093 composite?
False
Is 799147 a composite number?
False
Is 2191543 a composite number?
True
Is 39094499 a composite number?
False
Is 6628357 a prime number?
True
Is 2075903 composite?
False
Is 259775921 composite?
True
Is 145641719 a composite number?
True
Is 174463561 a prime number?
True
Is 37743967 a composite number?
True
Is 31819759 a composite number?
False
Is 9833099 composite?
True
Is 251663 composite?
False
Is 4089509 prime?
True
Is 6381391 a prime number?
False
Is 133735495 prime?
False
Is 11665649 a prime number?
True
Is 356923 composite?
True
Is 16567 a composite number?
False
Is 920981 prime?
False
Is 474075193 a composite number?
False
Is 39757247 a prime number?
False
Is 52279387 a composite number?
True
Is 190231451 composite?
False
Is 7613945 a prime number?
False
Is 83257111 composite?
True
Is 3111397 composite?
False
Is 3860614 a prime number?
False
Is 25193197 composite?
False
Is 7484389 a prime number?
False
Is 15805943 prime?
True
Is 2580079 composite?
False
Is 66438367 composite?
False
Is 893142119 a composite number?
False
Is 8905537 composite?
True
Is 102289589 a composite number?
False
Is 2833171 prime?
False
Is 94466711 composite?
False
Is 69205 prime?
False
Is 20291493 prime?
False
Is 6987767 a composite number?
False
Is 16260157 composite?
False
Is 33979559 a prime number?
False
Is 381856399 prime?
True
Is 23548981 composite?
True
Is 52472759 a composite number?
False
Is 716081 a composite number?
True
Is 422717 a prime number?
False
Is 139035623 prime?
False
Is 91961371 a composite number?
False
Is 21340931 composite?
False
Is 347953 prime?
False
Is 409679231 a prime number?
False
Is 1949711 a prime number?
False
Is 221807 a prime number?
True
Is 10498099 a composite number?
True
Is 29329403 a composite number?
True
Is 5384041 a composite number?
True
Is 62588335 prime?
False
Is 2489593 prime?
False
Is 24878899 a prime number?
True
Is 11135801 a prime number?
True
Is 131610463 a prime number?
False
Is 1718387 a prime number?
False
Is 28433473 prime?
True
Is 5620247 a composite number?
False
Is 11400907 composite?
True
Is 226938245 a prime number?
False
Is 2468113 a composite number?
False
Is 2579777 composite?
False
Is 1527607 composite?
False
Is 11972959 a prime number?
True
Is 127385099 composite?
False
Is 16688123 prime?
False
Is 16594453 composite?
False
Is 59985619 prime?
True
Is 3101999 prime?
True
Is 218191 prime?
True
Is 19528151 a composite number?
True
Is 20582191 a composite number?
True
Is 10101151 prime?
False
Is 17187803 composite?
False
Is 239543407 composite?
False
Is 601541 composite?
False
Is 5532979 prime?
True
Is 280493 prime?
False
Is 4018481 a composite number?
True
Is 723451 a composite number?
False
Is 599141 composite?
True
Is 45732229 composite?
False
Is 34397113 prime?
True
Is 74108567 prime?
False
Is 794254 a prime number?
False
Is 34081655 prime?
False
Is 71266021 prime?
False
Is 5516465 a prime number?
False
Is 42594623 prime?
True
Is 2107454 a prime number?
False
Is 13484321 prime?
False
Is 113387987 a prime number?
False
Is 41043469 a composite number?
False
Is 12311477 composite?
True
Is 302349893 a prime number?
True
Is 27972739 prime?
True
Is 1054013 a prime number?
True
Is 36840929 a prime number?
True
Is 16997861 a prime number?
True
Is 481262377 composite?
False
Is 1399241 prime?
False
Is 1243337 a composite number?
False
Is 508768235 composite?
True
Is 2207003 composite?
True
Is 328813 a prime number?
True
Is 94030249 composite?
True
Is 125205983 a composite number?
True
Is 75972839 a prime number?
True
Is 960637 prime?
True
Is 10673609 composite?
False
Is 458722853 a composite number?
False
Is 186488243 composite?
False
Is 40911107 a composite number?
False
Is 408259 a composite number?
True
Is 1427903 prime?
False
Is 30304669 composite?
True
Is 55701013 prime?
False
Is 765691 composite?
True
Is 88003037 a prime number?
False
Is 1181231 prime?
False
Is 17963827 prime?
False
Is 2030759 a composite number?
False
Is 72516721 a prime number?
False
Is 1510680517 composite?
False
Is 78657497 composite?
True
Is 47470933 prime?
False
Is 238313011 composite?
False
Is 104950163 composite?
True
Is 306185153 composite?
True
Is 4435157 a prime number?
False
Is 5616895 a composite number?
True
Is 15524123 composite?
True
Is 191174969 prime?
True
Is 8601317 a composite number?
True
Is 44538355 a composite